Let r(j) = -3 + 6*j + s*j**2 - j**2 + 0. What is the units digit of r(-7)?
4
Let y(l) = -3*l - 2. Let p be y(-2). What is the units digit of (p/8)/(2/32)?
8
Suppose -2 - 1 = -n - 2*c, 19 = 3*n + c. Let y be (-9)/((-2)/4 - 0). Let z = y - n. What is the units digit of z?
1
What is the units digit of (-1)/(1/(-26 + 0))?
6
Let a = -21 - -39. What is the tens digit of a?
1
Let m = -2 - -5. Let v(g) = 3*g + 6. Let h be v(5). Suppose -m*k + t + 6 = 0, -4*k + h = -0*k + 3*t. What is the units digit of k?
3
Let a(s) = 2*s**3 - 7*s**2 - 3*s + 3. Let d be a(5). Let p be (-18)/((-3 + 2)/1). Suppose -5*x + d = p. What is the units digit of x?
9
Let z = -7 - -12. Suppose -4*b - f - 7 = -2*b, -z*f = -2*b - 37. What is the units digit of (-2)/b*(-2 + 8)?
2
What is the units digit of 228/4 + (6 - 2)?
1
Suppose 21 - 189 = -4*l - 2*g, -l - 3*g + 52 = 0. What is the tens digit of l?
4
Suppose -2*h + 3*o + 496 - 13 = 0, 2*o = -2*h + 498. What is the hundreds digit of h?
2
Let s(b) = 2*b**2 + 10*b + 3. Let n be s(-4). Let r(v) = -2*v. Let q be r(4). Let c = n - q. What is the units digit of c?
3
Let m = -68 - -154. What is the tens digit of m?
8
Suppose 3*o + 13 = 2*h, 0*h = 3*h + 2*o - 13. Suppose 3*a + 21 = -4*d + 108, 0 = -h*d - 5*a + 105. What is the tens digit of d?
2
Let t = 258 + -101. What is the hundreds digit of t?
1
Let c(h) be the first derivative of -h**3/3 + 2*h**2 + 2*h - 2. Let p be c(4). Let v(a) = a. What is the units digit of v(p)?
2
Let n = -274 + 476. What is the tens digit of n?
0
Let s(a) be the second derivative of a**5/20 - 7*a**4/12 + 3*a**3/2 - a**2/2 + 5*a. What is the units digit of s(6)?
7
Let f = 21 + -11. What is the units digit of f?
0
Suppose 0 = -t - 0*t. Suppose 0 = d - 3*n - 4, 4*d - n - 38 = t. What is the units digit of d?
0
Suppose 2*x + 9 = -x. Let k = 6 + x. What is the units digit of k?
3
Let k = 4 + -2. Suppose 0 = d + k*d, -2*a + 5*d = -34. What is the tens digit of a?
1
What is the hundreds digit of 1 - 2/6 - (-12546)/54?
2
Let c(x) = 2*x**2 - 13*x - 12. What is the hundreds digit of c(-6)?
1
Suppose 0 = -35*o + 30*o + 625. What is the tens digit of o?
2
Let a be (-2)/(5/((-25)/2)). Suppose a*b - 11 = -h, 2*b + 3*h = -0*b - 6. What is the units digit of b?
3
Let n(j) = j**2 + j + 54. Let k be n(0). Let s = 38 - 24. Suppose 4*g + s - k = 0. What is the units digit of g?
0
Let w(o) = -6*o - 1. Let j be w(-5). Let g = -6 + j. What is the units digit of g?
3
Let g(c) = -3*c - 3. Let r be g(-2). What is the tens digit of -1*(-3)/r - -28?
2
Suppose 2 = -q + 6. Suppose 4*t - 3 = n + 11, -q*t = n - 18. Suppose 6 = -2*l, 3*l - 11 - 8 = -n*s. What is the units digit of s?
4
Let v = 39 - 18. Let j be 1/2 + (-135)/(-10). Let i = v - j. What is the units digit of i?
7
Let l be ((-48)/30)/(2/(-5)). Suppose -5*f + 49 = -f + w, l*f - w - 47 = 0. What is the tens digit of f?
1
Suppose 2 = c - 5*m, -2*c + 3*m - m = -4. Let j(d) = 2*d**3 - d**2 - d + 1. What is the tens digit of j(c)?
1
Suppose 0 = 3*k + 7 + 2. Let h be (15/k)/((-2)/2). Suppose m - 6 = -2*g, -m + 0*g = h*g + 6. What is the tens digit of m?
1
Suppose 5*l + 224 = 3*h, 151 = 2*h - 4*l - 1. What is the tens digit of h?
6
Suppose -4*s = 31 - 135. Let f be (s/6)/((-7)/(-42)). Let i = 43 - f. What is the tens digit of i?
1
Suppose -2*t = 2*t - 20. Let y(j) = 7*j + 1. What is the tens digit of y(t)?
3
Suppose 4*q + 14 = 2*u - 0*u, -3*u + 20 = -5*q. Suppose -4*s + 6 = -18. Let l = s + q. What is the units digit of l?
5
Let a(v) = -3*v + 4*v - v**2 - 2*v + 5. What is the units digit of a(0)?
5
Let g(b) = 7*b - 17. What is the tens digit of g(8)?
3
What is the tens digit of ((-1)/(-1))/((-4)/(-124))?
3
Suppose -4*b + 5*b + 82 = 2*w, -w - 2*b = -46. What is the units digit of (-8)/2*w/(-24)?
7
Suppose 4*x = -5*y + 1, 6 = -3*x + 3*y - 0. What is the units digit of 10/x*(-1)/2?
5
Let k(s) be the second derivative of -s**4/12 - 4*s**3/3 + s**2 - 4*s. Let n be k(-8). What is the units digit of 0 + n - (-13 - -7)?
8
Let n(x) = x**3 + 7*x**2 - 9*x - 8. Let o be n(-8). Let l(i) = -2*i + 21. What is the units digit of l(o)?
1
Let z(h) = 9*h - 10. Let a(i) = -5*i + 5. Suppose -l + 2*m - 4*m + 3 = 0, 2*l = 4*m + 14. Let g(q) = l*a(q) + 3*z(q). What is the units digit of g(6)?
7
Let y be (27/6 + -1)*34. Suppose 3*k + 2*n - y = 0, 0 = -2*k + 4*n + 11 + 79. What is the units digit of k/5 + (-3)/15?
8
Let a(g) be the second derivative of -g**5/20 - g**4/2 - g**3/3 - 7*g**2/2 - 2*g. What is the units digit of a(-6)?
5
Let l(q) = q**2 - 1. Let k be l(1). Suppose -2*c + 15 + 11 = k. What is the units digit of c?
3
Let y(w) = -w**3 + 2*w + 1. Suppose -1 = -2*d - 5. What is the units digit of y(d)?
5
What is the units digit of (119 - -11)*(-2)/(-4)?
5
Let f(u) = u**2 + u + 26. Let h be f(0). Suppose -5*l - h = -7*l. What is the units digit of l?
3
Suppose -3*k + 0*k = -33. Suppose -3*p = k - 32. Suppose 7 = 2*a - p. What is the units digit of a?
7
Let q = 2 - 0. Let z(p) = -6*p + 0 - 7 + q + p**2. What is the units digit of z(7)?
2
Let x(p) be the third derivative of -p**4/6 + 2*p**2. What is the units digit of x(-13)?
2
Suppose 5*i - b + 3*b + 90 = 0, 5*i - b + 75 = 0. Let f be i/(-10)*15/(-3). Let c = 10 + f. What is the units digit of c?
2
What is the units digit of (-5 - (-65)/10) + (-26)/(-4)?
8
Let l be (-4)/16*-4*0. Suppose l = -4*b - b + 40. What is the units digit of b?
8
Suppose -4*j - j - 4*q = -483, -4*j + q = -399. What is the units digit of j?
9
Suppose 2*k = 4*f - k - 317, 4*k = -2*f + 164. What is the tens digit of f?
8
Let b = 167 - 67. What is the hundreds digit of b?
1
Suppose -4*v - 4*o = -3*o - 134, -3*v - o = -100. Let t = v - 21. Suppose -s - 4*d + 2 = t, 0 = 5*d + 20. What is the units digit of s?
5
Let r(y) = 2*y - 7. Suppose 3*j - 3*s = 15, -j - 3*j + 20 = 5*s. Let w be r(j). Suppose -1 = -g + w. What is the units digit of g?
4
Suppose 56 - 27 = c. What is the units digit of c?
9
Suppose -l + 145 = 4*l. What is the units digit of l?
9
Suppose 3*a + 2 = -2*q - 0*q, 4*q - 2*a = 12. What is the units digit of (-34)/(-4) + q/4?
9
Let r(z) = -z**3 - 3*z**2 + 2. Let m be r(-3). What is the units digit of m/(-7) - 553/(-49)?
1
Let i = -41 - -58. What is the units digit of i?
7
Let j(n) = n**3 + 14*n**2 + 13*n + 14. What is the tens digit of j(-13)?
1
Suppose -5*a + 132 + 78 = 0. What is the tens digit of a?
4
Suppose 0 = 3*n + 8 - 2. Let k be 7/(-7)*8*n. Let h = k + -7. What is the units digit of h?
9
Suppose 3*o = -3*k + 12, -4*k - o + 37 - 6 = 0. Let v(w) = k*w + 5 - 5. What is the units digit of v(1)?
9
Let g = -14 + 26. What is the units digit of 1*(0 + g/1)?
2
Let j(u) be the second derivative of 2*u**3/3 - u**2/2 - 2*u. What is the tens digit of j(3)?
1
Let r(a) = -16 - 11*a + 4 - 12*a**3 + 13*a**3 - 14*a**2. What is the tens digit of r(15)?
4
Let i be 38/4 - (-6)/(-12). Let z = i - 5. What is the units digit of z?
4
Let a be (-34)/(-2) + 4 + -6. What is the units digit of 9/a + (-7)/(-5)?
2
Let b be 1 + 1 + 4/2. Let t(r) = 2*r + 2. Let z be t(b). Suppose z + 15 = 5*i. What is the units digit of i?
5
Suppose 4*d + 18 = 5*u, 4*u = 3*d + 15 - 0. Suppose -3*g = -6, 4*g = -2*m + u*m - 20. What is the units digit of m?
7
Suppose -4*b = -2*h - 2*b + 26, 5*b - 39 = -3*h. What is the tens digit of h?
1
Let f(w) = 4*w + 7 - 4*w + w. Let t be f(-8). Let x = 6 - t. What is the units digit of x?
7
Suppose -4*b - 5*g + 78 = 0, -2*b - 4*g + 3*g + 42 = 0. What is the units digit of b?
2
Let x be (-6 + 3)*(1 + 0). Let j(u) = -u - 7. Let o be j(-9). Let r = o - x. What is the units digit of r?
5
Suppose b - 2 = -7, 4*s - 3*b - 75 = 0. What is the tens digit of (-216)/(-15) - 6/s?
1
Suppose 0 = 3*r, 2*t - 5*r - 85 = 41. What is the tens digit of t?
6
Let s(a) be the first derivative of -7*a + 2*a**2 + 6*a + 0 - 2. What is the units digit of s(4)?
5
Suppose 4*p - 3*p = 3*c - 76, -4*p = c - 8. What is the tens digit of c?
2
Suppose 5*h = -3*a + 5 + 13, 0 = 5*a - 5. Suppose -h*c + 22 = -8. What is the units digit of c?
0
Suppose 5*v - 123 + 3 = 0. What is the tens digit of v?
2
Let s(p) = -p - 2. Let t be s(-7). Suppose -5*h + t = 3*f - 36, 5*h - 38 = -4*f. What is the tens digit of h?
1
Suppose 17 = -5*q - 3. Let d(l) = -l - 6. Let s(z) = 3*z + 18. Let g(v) = 17*d(v) + 6*s(v). What is the un